{"id":551,"date":"2021-08-30T16:07:47","date_gmt":"2021-08-30T14:07:47","guid":{"rendered":"https:\/\/diabeteenluberon.com\/?page_id=551"},"modified":"2022-02-28T19:05:07","modified_gmt":"2022-02-28T18:05:07","slug":"balneotherapie-a-apt-aquabiking-sport-adapte","status":"publish","type":"page","link":"https:\/\/diabeteenluberon.com\/index.php\/balneotherapie-a-apt-aquabiking-sport-adapte\/","title":{"rendered":"Baln\u00e9oth\u00e9rapie"},"content":{"rendered":"\n<p class=\"has-text-align-center\" style=\"font-size:18px\"><mark style=\"background-color:rgba(0, 0, 0, 0)\" class=\"has-inline-color has-black-color\">Gr\u00e2ce \u00e0 notre Partenaire et Kin\u00e9sith\u00e9rapeute Mr J\u00e9r\u00f4me Dupret, <\/mark><br><mark style=\"background-color:rgba(0, 0, 0, 0)\" class=\"has-inline-color has-black-color\">l&rsquo;Association Diab\u00e8te en Luberon vous propose des s\u00e9ances de Baln\u00e9oth\u00e9rapie \u00e0 Apt. <br>Nous vous proposons des s\u00e9ances d&rsquo;1h30, privatis\u00e9es ou en groupe de 2 \u00e0 4 personnes.<\/mark><\/p>\n\n\n\n<p class=\"has-text-align-center has-black-color has-text-color\" style=\"font-size:18px\"><mark style=\"background-color:rgba(0, 0, 0, 0)\" class=\"has-inline-color has-black-color\">Aquabiking, d\u00e9tente avec les Jets et la Cascade, solarium, <\/mark><br><mark style=\"background-color:rgba(0, 0, 0, 0)\" class=\"has-inline-color has-black-color\">retrouvez le go\u00fbt de la pratique sportive tout en douceur ! <\/mark><\/p>\n\n\n\n<p><\/p>\n\n\n\n<div class=\"wp-block-image\"><figure class=\"aligncenter size-large is-resized\"><img loading=\"lazy\" decoding=\"async\" src=\"https:\/\/diabeteenluberon.com\/wp-content\/uploads\/2021\/08\/1-1-630x1024.png\" alt=\"\" class=\"wp-image-570\" width=\"315\" height=\"512\" srcset=\"https:\/\/diabeteenluberon.com\/wp-content\/uploads\/2021\/08\/1-1-630x1024.png 630w, https:\/\/diabeteenluberon.com\/wp-content\/uploads\/2021\/08\/1-1-184x300.png 184w, https:\/\/diabeteenluberon.com\/wp-content\/uploads\/2021\/08\/1-1-768x1249.png 768w, https:\/\/diabeteenluberon.com\/wp-content\/uploads\/2021\/08\/1-1-664x1080.png 664w, https:\/\/diabeteenluberon.com\/wp-content\/uploads\/2021\/08\/1-1.png 944w\" sizes=\"(max-width: 315px) 100vw, 315px\" \/><\/figure><\/div>\n\n\n\n<div class=\"wp-block-group\"><div class=\"wp-block-group__inner-container is-layout-flow wp-block-group-is-layout-flow\">\n<div class=\"wp-block-group\"><div class=\"wp-block-group__inner-container is-layout-flow wp-block-group-is-layout-flow\">\n<div class=\"wp-block-group\"><div class=\"wp-block-group__inner-container is-layout-flow wp-block-group-is-layout-flow\">\n<div class=\"wp-block-group\"><div class=\"wp-block-group__inner-container is-layout-flow wp-block-group-is-layout-flow\">\n<p class=\"has-text-align-center has-black-color has-white-background-color has-text-color has-background has-medium-font-size\"><span style=\"text-decoration: underline;\">Les midis de semaine<\/span><br>R\u00e9server votre cr\u00e9neau d&rsquo;1h30 de 12h30 et 14h00 <br>                                            (r\u00e9servation minimum 12h avant)                                                                                            <br>                                                                                                         <\/p>\n<\/div><\/div>\n<\/div><\/div>\n<\/div><\/div>\n<\/div><\/div>\n\n\n\n<div class=\"wp-block-group\"><div class=\"wp-block-group__inner-container is-layout-flow wp-block-group-is-layout-flow\">\n<div class=\"wp-block-image\"><figure class=\"aligncenter size-large is-resized\"><img loading=\"lazy\" decoding=\"async\" src=\"https:\/\/diabeteenluberon.com\/wp-content\/uploads\/2021\/08\/1-1024x726.png\" alt=\"Pack 10 s\u00e9ances baln\u00e9o avec Diab\u00e8te en Luberon\" class=\"wp-image-568\" width=\"512\" height=\"363\" srcset=\"https:\/\/diabeteenluberon.com\/wp-content\/uploads\/2021\/08\/1-1024x726.png 1024w, https:\/\/diabeteenluberon.com\/wp-content\/uploads\/2021\/08\/1-300x213.png 300w, https:\/\/diabeteenluberon.com\/wp-content\/uploads\/2021\/08\/1-768x545.png 768w, https:\/\/diabeteenluberon.com\/wp-content\/uploads\/2021\/08\/1-1536x1090.png 1536w, https:\/\/diabeteenluberon.com\/wp-content\/uploads\/2021\/08\/1-1522x1080.png 1522w, https:\/\/diabeteenluberon.com\/wp-content\/uploads\/2021\/08\/1.png 1748w\" sizes=\"(max-width: 512px) 100vw, 512px\" \/><\/figure><\/div>\n\n\n\n<p class=\"has-text-align-center has-black-color has-text-color has-medium-font-size\"><span style=\"text-decoration: underline;\">Pack Baln\u00e9oth\u00e9rapie<\/span><br>10 s\u00e9ances d&rsquo;1h30.<br>150\u20ac, valable 6 mois.<\/p>\n\n\n\n<p><\/p>\n<\/div><\/div>\n","protected":false},"excerpt":{"rendered":"<p>Gr\u00e2ce \u00e0 notre Partenaire et Kin\u00e9sith\u00e9rapeute Mr J\u00e9r\u00f4me Dupret, l&rsquo;Association Diab\u00e8te en Luberon vous propose des s\u00e9ances de Baln\u00e9oth\u00e9rapie \u00e0 Apt. Nous vous proposons des s\u00e9ances d&rsquo;1h30, privatis\u00e9es ou en groupe de 2 \u00e0 4 personnes. Aquabiking, d\u00e9tente avec les Jets et la Cascade, solarium, retrouvez le go\u00fbt de la pratique sportive tout en douceur&hellip; <br \/> <a class=\"read-more\" href=\"https:\/\/diabeteenluberon.com\/index.php\/balneotherapie-a-apt-aquabiking-sport-adapte\/\">Lire la suite<\/a><\/p>\n","protected":false},"author":1,"featured_media":553,"parent":0,"menu_order":0,"comment_status":"closed","ping_status":"closed","template":"","meta":{"footnotes":""},"yoast_head":"<!-- This site is optimized with the Yoast SEO plugin v17.6 - https:\/\/yoast.com\/wordpress\/plugins\/seo\/ -->\n<title>Baln\u00e9oth\u00e9rapie ~ Diab\u00e8te en Luberon ~ Baln\u00e9oth\u00e9rapie ~ Aquabiking<\/title>\n<meta name=\"description\" content=\"S\u00e9ances d&#039;1h30 de Baln\u00e9oth\u00e9rapie \u00e0 Apt. Sport adapt\u00e9. D\u00e9tente. Bien-\u00eatre. Aquabiking. Jets massant et cascade. Agir pour sa sant\u00e9 en Luberon\" \/>\n<meta name=\"robots\" content=\"index, follow, max-snippet:-1, max-image-preview:large, max-video-preview:-1\" \/>\n<link rel=\"canonical\" href=\"https:\/\/diabeteenluberon.com\/index.php\/balneotherapie-a-apt-aquabiking-sport-adapte\/\" \/>\n<meta property=\"og:locale\" content=\"fr_FR\" \/>\n<meta property=\"og:type\" content=\"article\" \/>\n<meta property=\"og:title\" content=\"Baln\u00e9oth\u00e9rapie ~ Diab\u00e8te en Luberon ~ Baln\u00e9oth\u00e9rapie ~ Aquabiking\" \/>\n<meta property=\"og:description\" content=\"S\u00e9ances d&#039;1h30 de Baln\u00e9oth\u00e9rapie \u00e0 Apt. Sport adapt\u00e9. D\u00e9tente. Bien-\u00eatre. Aquabiking. Jets massant et cascade. Agir pour sa sant\u00e9 en Luberon\" \/>\n<meta property=\"og:url\" content=\"https:\/\/diabeteenluberon.com\/index.php\/balneotherapie-a-apt-aquabiking-sport-adapte\/\" \/>\n<meta property=\"og:site_name\" content=\"Diab\u00e8te en Luberon\" \/>\n<meta property=\"article:publisher\" content=\"https:\/\/www.facebook.com\/Diab%c3%a8te-en-Luberon-669898170092016\/\" \/>\n<meta property=\"article:modified_time\" content=\"2022-02-28T18:05:07+00:00\" \/>\n<meta property=\"og:image\" content=\"https:\/\/diabeteenluberon.com\/wp-content\/uploads\/2021\/08\/piscine-balneo.jpg4-2.jpg\" \/>\n\t<meta property=\"og:image:width\" content=\"640\" \/>\n\t<meta property=\"og:image:height\" content=\"480\" \/>\n<meta name=\"twitter:card\" content=\"summary_large_image\" \/>\n<meta name=\"twitter:label1\" content=\"Dur\u00e9e de lecture estim\u00e9e\" \/>\n\t<meta name=\"twitter:data1\" content=\"1 minute\" \/>\n<script type=\"application\/ld+json\" class=\"yoast-schema-graph\">{\"@context\":\"https:\/\/schema.org\",\"@graph\":[{\"@type\":\"Organization\",\"@id\":\"https:\/\/diabeteenluberon.com\/#organization\",\"name\":\"Diab\\u00e8te en Luberon\",\"url\":\"https:\/\/diabeteenluberon.com\/\",\"sameAs\":[\"https:\/\/www.facebook.com\/Diab\\u00e8te-en-Luberon-669898170092016\/\"],\"logo\":{\"@type\":\"ImageObject\",\"@id\":\"https:\/\/diabeteenluberon.com\/#logo\",\"inLanguage\":\"fr-FR\",\"url\":\"https:\/\/i0.wp.com\/diabeteenluberon.com\/wp-content\/uploads\/2019\/02\/photo-castllet-vue-e1561732573858.jpg?fit=800%2C600&ssl=1\",\"contentUrl\":\"https:\/\/i0.wp.com\/diabeteenluberon.com\/wp-content\/uploads\/2019\/02\/photo-castllet-vue-e1561732573858.jpg?fit=800%2C600&ssl=1\",\"width\":800,\"height\":600,\"caption\":\"Diab\\u00e8te en Luberon\"},\"image\":{\"@id\":\"https:\/\/diabeteenluberon.com\/#logo\"}},{\"@type\":\"WebSite\",\"@id\":\"https:\/\/diabeteenluberon.com\/#website\",\"url\":\"https:\/\/diabeteenluberon.com\/\",\"name\":\"Diab\\u00e8te en Luberon\",\"description\":\"\",\"publisher\":{\"@id\":\"https:\/\/diabeteenluberon.com\/#organization\"},\"potentialAction\":[{\"@type\":\"SearchAction\",\"target\":{\"@type\":\"EntryPoint\",\"urlTemplate\":\"https:\/\/diabeteenluberon.com\/?s={search_term_string}\"},\"query-input\":\"required name=search_term_string\"}],\"inLanguage\":\"fr-FR\"},{\"@type\":\"ImageObject\",\"@id\":\"https:\/\/diabeteenluberon.com\/index.php\/balneotherapie-a-apt-aquabiking-sport-adapte\/#primaryimage\",\"inLanguage\":\"fr-FR\",\"url\":\"https:\/\/diabeteenluberon.com\/wp-content\/uploads\/2021\/08\/piscine-balneo.jpg4-2.jpg\",\"contentUrl\":\"https:\/\/diabeteenluberon.com\/wp-content\/uploads\/2021\/08\/piscine-balneo.jpg4-2.jpg\",\"width\":640,\"height\":480,\"caption\":\"s\\u00e9ances de baln\\u00e9oth\\u00e9rapie avec Diab\\u00e8te en Luberon\"},{\"@type\":\"WebPage\",\"@id\":\"https:\/\/diabeteenluberon.com\/index.php\/balneotherapie-a-apt-aquabiking-sport-adapte\/#webpage\",\"url\":\"https:\/\/diabeteenluberon.com\/index.php\/balneotherapie-a-apt-aquabiking-sport-adapte\/\",\"name\":\"Baln\\u00e9oth\\u00e9rapie ~ Diab\\u00e8te en Luberon ~ Baln\\u00e9oth\\u00e9rapie ~ Aquabiking\",\"isPartOf\":{\"@id\":\"https:\/\/diabeteenluberon.com\/#website\"},\"primaryImageOfPage\":{\"@id\":\"https:\/\/diabeteenluberon.com\/index.php\/balneotherapie-a-apt-aquabiking-sport-adapte\/#primaryimage\"},\"datePublished\":\"2021-08-30T14:07:47+00:00\",\"dateModified\":\"2022-02-28T18:05:07+00:00\",\"description\":\"S\\u00e9ances d'1h30 de Baln\\u00e9oth\\u00e9rapie \\u00e0 Apt. Sport adapt\\u00e9. D\\u00e9tente. Bien-\\u00eatre. Aquabiking. Jets massant et cascade. Agir pour sa sant\\u00e9 en Luberon\",\"breadcrumb\":{\"@id\":\"https:\/\/diabeteenluberon.com\/index.php\/balneotherapie-a-apt-aquabiking-sport-adapte\/#breadcrumb\"},\"inLanguage\":\"fr-FR\",\"potentialAction\":[{\"@type\":\"ReadAction\",\"target\":[\"https:\/\/diabeteenluberon.com\/index.php\/balneotherapie-a-apt-aquabiking-sport-adapte\/\"]}]},{\"@type\":\"BreadcrumbList\",\"@id\":\"https:\/\/diabeteenluberon.com\/index.php\/balneotherapie-a-apt-aquabiking-sport-adapte\/#breadcrumb\",\"itemListElement\":[{\"@type\":\"ListItem\",\"position\":1,\"name\":\"Accueil\",\"item\":\"https:\/\/diabeteenluberon.com\/\"},{\"@type\":\"ListItem\",\"position\":2,\"name\":\"Baln\\u00e9oth\\u00e9rapie\"}]}]}<\/script>\n<!-- \/ Yoast SEO plugin. -->","yoast_head_json":{"title":"Baln\u00e9oth\u00e9rapie ~ Diab\u00e8te en Luberon ~ Baln\u00e9oth\u00e9rapie ~ Aquabiking","description":"S\u00e9ances d'1h30 de Baln\u00e9oth\u00e9rapie \u00e0 Apt. Sport adapt\u00e9. D\u00e9tente. Bien-\u00eatre. Aquabiking. Jets massant et cascade. Agir pour sa sant\u00e9 en Luberon","robots":{"index":"index","follow":"follow","max-snippet":"max-snippet:-1","max-image-preview":"max-image-preview:large","max-video-preview":"max-video-preview:-1"},"canonical":"https:\/\/diabeteenluberon.com\/index.php\/balneotherapie-a-apt-aquabiking-sport-adapte\/","og_locale":"fr_FR","og_type":"article","og_title":"Baln\u00e9oth\u00e9rapie ~ Diab\u00e8te en Luberon ~ Baln\u00e9oth\u00e9rapie ~ Aquabiking","og_description":"S\u00e9ances d'1h30 de Baln\u00e9oth\u00e9rapie \u00e0 Apt. Sport adapt\u00e9. D\u00e9tente. Bien-\u00eatre. Aquabiking. Jets massant et cascade. Agir pour sa sant\u00e9 en Luberon","og_url":"https:\/\/diabeteenluberon.com\/index.php\/balneotherapie-a-apt-aquabiking-sport-adapte\/","og_site_name":"Diab\u00e8te en Luberon","article_publisher":"https:\/\/www.facebook.com\/Diab%c3%a8te-en-Luberon-669898170092016\/","article_modified_time":"2022-02-28T18:05:07+00:00","og_image":[{"width":640,"height":480,"url":"https:\/\/diabeteenluberon.com\/wp-content\/uploads\/2021\/08\/piscine-balneo.jpg4-2.jpg","type":"image\/jpeg"}],"twitter_card":"summary_large_image","twitter_misc":{"Dur\u00e9e de lecture estim\u00e9e":"1 minute"},"schema":{"@context":"https:\/\/schema.org","@graph":[{"@type":"Organization","@id":"https:\/\/diabeteenluberon.com\/#organization","name":"Diab\u00e8te en Luberon","url":"https:\/\/diabeteenluberon.com\/","sameAs":["https:\/\/www.facebook.com\/Diab\u00e8te-en-Luberon-669898170092016\/"],"logo":{"@type":"ImageObject","@id":"https:\/\/diabeteenluberon.com\/#logo","inLanguage":"fr-FR","url":"https:\/\/i0.wp.com\/diabeteenluberon.com\/wp-content\/uploads\/2019\/02\/photo-castllet-vue-e1561732573858.jpg?fit=800%2C600&ssl=1","contentUrl":"https:\/\/i0.wp.com\/diabeteenluberon.com\/wp-content\/uploads\/2019\/02\/photo-castllet-vue-e1561732573858.jpg?fit=800%2C600&ssl=1","width":800,"height":600,"caption":"Diab\u00e8te en Luberon"},"image":{"@id":"https:\/\/diabeteenluberon.com\/#logo"}},{"@type":"WebSite","@id":"https:\/\/diabeteenluberon.com\/#website","url":"https:\/\/diabeteenluberon.com\/","name":"Diab\u00e8te en Luberon","description":"","publisher":{"@id":"https:\/\/diabeteenluberon.com\/#organization"},"potentialAction":[{"@type":"SearchAction","target":{"@type":"EntryPoint","urlTemplate":"https:\/\/diabeteenluberon.com\/?s={search_term_string}"},"query-input":"required name=search_term_string"}],"inLanguage":"fr-FR"},{"@type":"ImageObject","@id":"https:\/\/diabeteenluberon.com\/index.php\/balneotherapie-a-apt-aquabiking-sport-adapte\/#primaryimage","inLanguage":"fr-FR","url":"https:\/\/diabeteenluberon.com\/wp-content\/uploads\/2021\/08\/piscine-balneo.jpg4-2.jpg","contentUrl":"https:\/\/diabeteenluberon.com\/wp-content\/uploads\/2021\/08\/piscine-balneo.jpg4-2.jpg","width":640,"height":480,"caption":"s\u00e9ances de baln\u00e9oth\u00e9rapie avec Diab\u00e8te en Luberon"},{"@type":"WebPage","@id":"https:\/\/diabeteenluberon.com\/index.php\/balneotherapie-a-apt-aquabiking-sport-adapte\/#webpage","url":"https:\/\/diabeteenluberon.com\/index.php\/balneotherapie-a-apt-aquabiking-sport-adapte\/","name":"Baln\u00e9oth\u00e9rapie ~ Diab\u00e8te en Luberon ~ Baln\u00e9oth\u00e9rapie ~ Aquabiking","isPartOf":{"@id":"https:\/\/diabeteenluberon.com\/#website"},"primaryImageOfPage":{"@id":"https:\/\/diabeteenluberon.com\/index.php\/balneotherapie-a-apt-aquabiking-sport-adapte\/#primaryimage"},"datePublished":"2021-08-30T14:07:47+00:00","dateModified":"2022-02-28T18:05:07+00:00","description":"S\u00e9ances d'1h30 de Baln\u00e9oth\u00e9rapie \u00e0 Apt. Sport adapt\u00e9. D\u00e9tente. Bien-\u00eatre. Aquabiking. Jets massant et cascade. Agir pour sa sant\u00e9 en Luberon","breadcrumb":{"@id":"https:\/\/diabeteenluberon.com\/index.php\/balneotherapie-a-apt-aquabiking-sport-adapte\/#breadcrumb"},"inLanguage":"fr-FR","potentialAction":[{"@type":"ReadAction","target":["https:\/\/diabeteenluberon.com\/index.php\/balneotherapie-a-apt-aquabiking-sport-adapte\/"]}]},{"@type":"BreadcrumbList","@id":"https:\/\/diabeteenluberon.com\/index.php\/balneotherapie-a-apt-aquabiking-sport-adapte\/#breadcrumb","itemListElement":[{"@type":"ListItem","position":1,"name":"Accueil","item":"https:\/\/diabeteenluberon.com\/"},{"@type":"ListItem","position":2,"name":"Baln\u00e9oth\u00e9rapie"}]}]}},"_links":{"self":[{"href":"https:\/\/diabeteenluberon.com\/index.php\/wp-json\/wp\/v2\/pages\/551"}],"collection":[{"href":"https:\/\/diabeteenluberon.com\/index.php\/wp-json\/wp\/v2\/pages"}],"about":[{"href":"https:\/\/diabeteenluberon.com\/index.php\/wp-json\/wp\/v2\/types\/page"}],"author":[{"embeddable":true,"href":"https:\/\/diabeteenluberon.com\/index.php\/wp-json\/wp\/v2\/users\/1"}],"replies":[{"embeddable":true,"href":"https:\/\/diabeteenluberon.com\/index.php\/wp-json\/wp\/v2\/comments?post=551"}],"version-history":[{"count":24,"href":"https:\/\/diabeteenluberon.com\/index.php\/wp-json\/wp\/v2\/pages\/551\/revisions"}],"predecessor-version":[{"id":671,"href":"https:\/\/diabeteenluberon.com\/index.php\/wp-json\/wp\/v2\/pages\/551\/revisions\/671"}],"wp:featuredmedia":[{"embeddable":true,"href":"https:\/\/diabeteenluberon.com\/index.php\/wp-json\/wp\/v2\/media\/553"}],"wp:attachment":[{"href":"https:\/\/diabeteenluberon.com\/index.php\/wp-json\/wp\/v2\/media?parent=551"}],"curies":[{"name":"wp","href":"https:\/\/api.w.org\/{rel}","templated":true}]}}